d by 25?
22
Let c = 143 - 71. Calculate the remainder when 154 is divided by c.
10
Let m(o) = 6*o**2 + 10*o - 21. Calculate the remainder when m(3) is divided by 17.
12
Suppose 5*a = 60 + 255. Calculate the remainder when 310 is divided by a.
58
Let s(h) = -2*h**3 - 29*h**2 - 15*h + 22. What is the remainder when s(-14) is divided by 20?
16
Let o(t) = -t**3 - 6*t**2 - 36*t - 166. What is the remainder when o(-8) is divided by 63?
61
What is the remainder when 2/(-5) - (4 + (-37434)/85) is divided by 11?
7
Let s(f) = -f**2 + 26*f - 85. Calculate the remainder when 674 is divided by s(21).
14
Let l(n) = 2*n**2 + 10*n - 35. Let q be l(-13). Let r = q - 90. What is the remainder when r is divided by 21?
20
Suppose 2083 = 30*v - 797. What is the remainder when v is divided by 35?
26
Let u = 143 + -106. What is the remainder when u is divided by 13?
11
Suppose -4*x = -4*t + 124, -4*t + 2*x = -t - 93. What is the remainder when 152 is divided by t?
28
Let c be ((-15)/(-10))/((-1)/(-2)). Let p be (c + -17)/(1/(-2)). Suppose 10*n - 6*n - p = 0. What is the remainder when 18 is divided by n?
4
Let l be (0 + 5)*(4 - -5). Suppose 0 = -12*y + 16*y - 260. What is the remainder when y is divided by -2*(-1 - l/6)?
14
Let n be 3616/(-120) + 6/45. What is the remainder when 44 is divided by 20/2 + (n - -33)?
5
Let f(v) = 10*v**2 - 2*v - 2. Let h be f(4). Let d = 217 - h. Suppose 3*n - d = -4*y, 64 - 5 = 3*n - 4*y. What is the remainder when 60 is divided by n?
18
Let n = 52 + -36. Let d(a) = -a + 4. Suppose 2*s = -5*m - 18 + 6, -s = 5*m + 11. What is the remainder when n is divided by d(m)?
4
Suppose -233 = 2*k - 3*k - 3*z, 0 = -5*k + 3*z + 1165. What is the remainder when k is divided by 52?
25
Let z(h) = -198*h - 83. What is the remainder when z(-3) is divided by 32?
31
Let q(g) = -g**3 - 5*g**2 + 6*g - 2. Let v be q(-6). Suppose -3*a + h - 5 = 0, a + 3 + 8 = -2*h. Calculate the remainder when 81 is divided by (1 + a)/v*21.
18
Let h = 94 - 230. Let n = h + 146. Calculate the remainder when n is divided by 8/(-6)*(-3)/1.
2
Suppose -v = -10*v + 27. Suppose 0 = 6*u + v - 129. What is the remainder when 56 is divided by u?
14
Let m(h) = -h - 7*h + 6*h + 0 - 12. What is the remainder when m(-9) is divided by 4?
2
Suppose -t + 0*h + 5*h = -539, 5*t - 4*h - 2758 = 0. Suppose 3*q = v + 537, t = 3*q + 2*v + 26. Calculate the remainder when q is divided by 36.
34
Let f(n) = -21*n + 218. Calculate the remainder when f(-6) is divided by 50.
44
Calculate the remainder when 30 is divided by (-55)/(-4) + (-6)/(-24).
2
Suppose 0*j - 45 = -4*q + 3*j, -10 = -2*q + 4*j. What is the remainder when q is divided by (-128)/(-24) + 14/21?
3
Suppose 1 + 11 = 4*l. Suppose -4 = 4*r - 4*o, 0 = -2*r + l*r - 2*o - 4. What is the remainder when (r/(-4))/(12/136) is divided by 9?
8
Suppose 8 = -4*s, 0*s = -2*f - 5*s + 82. Calculate the remainder when f is divided by 440/35 + 88/(-154).
10
Let v(k) = 2*k**3 + 2*k**2 - 19*k + 3. Calculate the remainder when 86 is divided by v(3).
14
Suppose 0 = -4*d + 20, 3*n - d = 10 + 279. Suppose -2*b - 50 = -3*q, 74 + 6 = 3*q + 4*b. What is the remainder when n is divided by q?
18
Suppose 237 = 3*u + 3*y, 4*y + y - 5 = 0. Suppose 12*b - 10*b - u = 0. What is the remainder when b is divided by 20?
19
Calculate the remainder when 254 is divided by -4 - 13/(65/(-100)).
14
Suppose -h + 312 = 23*h. What is the remainder when 43 is divided by h?
4
Let s(b) = 3*b**2 - 4*b + 7. Let l(v) = -v**2 + 5*v - 3. Let w be l(3). Suppose -w*a + 20 = -2*a. What is the remainder when s(4) is divided by a?
19
Calculate the remainder when 2307*(-5)/(-75) - (-5)/25 is divided by 61.
32
Let l = -774 + 860. Suppose 0*s - 2*s = -4*u + 120, -5*s = -4*u + 108. Let x = l - u. Calculate the remainder when x is divided by 11.
10
Let d(o) = -5*o + 2. Let h be d(-3). Let y = -15 + h. Suppose y*m + 29 = -3*b + 85, 3*m + b - 84 = 0. Calculate the remainder when 53 is divided by m.
25
Let r = -15 - -20. Suppose -a - 21 - 92 = -2*d, 3*d = -r*a + 202. Calculate the remainder when d is divided by 31.
28
Let a(x) = -x**2 + 11*x + 1. Suppose 0 = 4*p, 2 = o - 0*p - 3*p. Suppose 2*j - 39 = w, -5*w - 66 = -o*j - 7. Calculate the remainder when a(5) is divided by j.
14
Let t = 361 + -321. Calculate the remainder when 237 is divided by t.
37
Suppose -4*w + 9 = -3. Suppose -2*c + w*x = -3*c + 71, x + 71 = c. Calculate the remainder when c is divided by 18.
17
Let r(f) = f**3 + 14*f**2 + 44*f - 10. What is the remainder when r(-7) is divided by 11?
3
Suppose -5*r + 6 = -4*n, -r + 3 = r - n. Suppose 5*z + r*y = 65, 15 = -5*y + 2*y. Suppose 5*p + 224 = 13*p. Calculate the remainder when p is divided by z.
13
Calculate the remainder when 325 is divided by -4*13/(182/(-189)).
1
Let m(p) = 30*p**2 + 11. Let q be m(-3). Suppose -9*h + q = -205. What is the remainder when h is divided by 58/4 - 1/2?
12
Let w = 13 - 8. Suppose -5*o = -2*s - o + 10, -2*s + 2*o = -10. Suppose -14 = -4*u + u - i, 0 = 3*u - s*i + 16. Calculate the remainder when w is divided by u.
2
Let t = -293 + 494. What is the remainder when t is divided by 78?
45
Suppose -215 = -27*z + 22*z. What is the remainder when 297 is divided by z?
39
What is the remainder when 98 is divided by (-32)/6 + 6 + (-106)/(-3)?
26
Suppose 0 = -4*d - 41 - 63. Let o be (8/6)/(d/(-39)). Suppose o*j + 2*p = -0*p + 98, -180 = -4*j + 4*p. What is the remainder when j is divided by 24?
23
Suppose -112 + 32 = -5*a. Let b(m) = -3*m - 9. What is the remainder when a/24 + (-130)/(-3) is divided by b(-8)?
14
Let i(y) = 79*y - 266. What is the remainder when i(6) is divided by 35?
33
Suppose 4*t + 2*b + b = -406, 317 = -3*t + 4*b. Let j be 1361/9 - (-24)/(-108). Let p = t + j. Calculate the remainder when p is divided by 17.
14
Suppose -14*c + 476 = -7*c. What is the remainder when 316 is divided by c?
44
Let y(b) = -b**3 - b**2 + b - 1. Let m be y(1). Let q(f) = f**2 + 4*f + 5. Calculate the remainder when 3 is divided by q(m).
0
Let n = -12 - -19. Let r(s) = 3. Let d(g) = g - 12. Let u(v) = 2*d(v) + 9*r(v). What is the remainder when u(4) is divided by n?
4
Let w = 1153 + -1100. What is the remainder when 103 is divided by w?
50
Suppose -34*f + 17797 + 7873 = 0. What is the remainder when f is divided by 21?
20
Let f = -686 + 918. Calculate the remainder when f is divided by 13.
11
Suppose y - 2*f = 4*y - 501, -3*f + 504 = 3*y. What is the remainder when y is divided by 44?
33
Suppose 7*a = 2*a + 3*a. Suppose a = -2*j - 2 + 112. Suppose 0*t + 57 = 3*t. Calculate the remainder when j is divided by t.
17
Suppose -149 = -5*j + 5*g - 14, 3*g = -4*j + 73. What is the remainder when 138 is divided by j?
6
Let c(u) be the second derivative of 7/6*u**3 + 9/2*u**2 + 1/20*u**5 - 6*u - 2/3*u**4 + 0. What is the remainder when c(7) is divided by 6?
3
Let a(i) = -i**3 + 10*i**2 - 5*i - 14. What is the remainder when a(7) is divided by 83?
15
Let s(c) = -c - 8. Let l be s(-9). Calculate the remainder when l/2 - 145/(-2) is divided by 15.
13
Let j = 6 + -4. Suppose 4*i + 4 = 0, -2*w - 4*i + 4 = j*w. Suppose -3*y + w*p - 32 = -95, 84 = 4*y + 3*p. What is the remainder when 82 is divided by y?
19
Let l(t) = -8*t + 7. Calculate the remainder when l(-5) is divided by (11 + 5 - 2) + 2.
15
Let g be (2 + -3)*36/(-3). Suppose -l + 4*l + g = 0. Let r(p) = -4*p - 4. What is the remainder when 34 is divided by r(l)?
10
Suppose 5*t = -5*c + 55, 3*c - 21 = -2*t + 2*c. Let x = 49 + -81. Calculate the remainder when t is divided by x/(-5) + (-4)/10.
4
Calculate the remainder when 196/21*171/12 is divided by 41.
10
Suppose -13*c = -183 - 12. What is the remainder when 28 is divided by c?
13
Suppose -3*k - 3*x + 153 = -0*k, -3*k = -5*x - 129. Calculate the remainder when k is divided by 19.
10
Suppose 0*c = 2*c - 14. Calculate the remainder when 95 is divided by c.
4
Let f = 215 + -168. Suppose -p + 7 = -5. What is the remainder when f is divided by p?
11
Let b(p) = -p**3 - 7*p**2 + 18*p + 11. Let x = -50 + 41. Let o = 58 + -28. What is the remainder when o is divided by b(x)?
8
Let j(m) = m**3 + 11*m**2 + 8*m + 6. Let z = -126 + 118. What is the remainder when j(z) is divided by 27?
26
What is the remainder when (-78)/(-195)*2990/4 is divided by 51?
44
Suppose 5*r - 96 = -3*r. Let p = 9 + 14. Ca